127795?
10
What is the remainder when 4367851 is divided by 1091925?
151
Calculate the remainder when 4243870 is divided by 530448.
286
What is the remainder when 171924315 is divided by 2143?
2140
Calculate the remainder when 7649764 is divided by 4344.
4324
Calculate the remainder when 227645 is divided by 14200.
445
Calculate the remainder when 28786179 is divided by 60.
39
What is the remainder when 41682 is divided by 3585?
2247
Calculate the remainder when 111105 is divided by 139.
44
Calculate the remainder when 1802754057 is divided by 2213.
2210
What is the remainder when 1356496 is divided by 91?
50
Calculate the remainder when 337186782 is divided by 69.
66
What is the remainder when 164726 is divided by 82274?
178
What is the remainder when 895811 is divided by 314?
283
What is the remainder when 8736346 is divided by 2?
0
Calculate the remainder when 12193389 is divided by 812870.
339
What is the remainder when 130937 is divided by 1433?
534
Calculate the remainder when 699528 is divided by 10440.
48
Calculate the remainder when 924134 is divided by 230549.
1938
What is the remainder when 1840771937 is divided by 217?
214
Calculate the remainder when 2108868 is divided by 2108866.
2
Calculate the remainder when 14485 is divided by 6543.
1399
Calculate the remainder when 28727087 is divided by 1673.
4
What is the remainder when 27005 is divided by 1794?
95
What is the remainder when 7613 is divided by 1439?
418
What is the remainder when 2525829943 is divided by 68?
67
Calculate the remainder when 32959566 is divided by 8644.
8638
Calculate the remainder when 145586692 is divided by 4805.
4802
Calculate the remainder when 54097 is divided by 159.
37
What is the remainder when 3023826 is divided by 3262?
3214
What is the remainder when 1340776 is divided by 966?
934
Calculate the remainder when 522868 is divided by 173575.
2143
Calculate the remainder when 317005 is divided by 961.
836
Calculate the remainder when 575269 is divided by 143364.
1813
What is the remainder when 13691791 is divided by 4563889?
124
What is the remainder when 721755 is divided by 307?
305
What is the remainder when 234492897 is divided by 29?
28
Calculate the remainder when 1750115 is divided by 305.
25
What is the remainder when 2047651 is divided by 55340?
71
What is the remainder when 25766273 is divided by 482?
481
What is the remainder when 71405 is divided by 1019?
75
Calculate the remainder when 40618 is divided by 9605.
2198
Calculate the remainder when 24770003 is divided by 154.
27
Calculate the remainder when 4375972 is divided by 433.
74
What is the remainder when 2086652 is divided by 7479?
11
Calculate the remainder when 2935415 is divided by 366916.
87
What is the remainder when 619692 is divided by 206511?
159
What is the remainder when 724628 is divided by 231?
212
What is the remainder when 22229597 is divided by 3004?
3001
What is the remainder when 507764597 is divided by 2212?
2209
Calculate the remainder when 31944 is divided by 1.
0
What is the remainder when 7593999 is divided by 171?
60
Calculate the remainder when 186134 is divided by 913.
795
Calculate the remainder when 86752 is divided by 41026.
4700
What is the remainder when 15492019 is divided by 48717?
13
What is the remainder when 19741367 is divided by 572?
503
What is the remainder when 457249 is divided by 171?
166
What is the remainder when 150514 is divided by 49946?
676
Calculate the remainder when 29128810 is divided by 3195.
3190
Calculate the remainder when 25742328 is divided by 512.
504
What is the remainder when 1692309 is divided by 338461?
4
What is the remainder when 93044 is divided by 8434?
270
What is the remainder when 35939019 is divided by 3993223?
12
What is the remainder when 14265658 is divided by 941?
98
What is the remainder when 37991338 is divided by 15?
13
What is the remainder when 8217389 is divided by 29?
7
What is the remainder when 962039 is divided by 191?
163
Calculate the remainder when 40156 is divided by 2485.
396
What is the remainder when 495578 is divided by 1813?
629
Calculate the remainder when 8012254 is divided by 28821.
16
Calculate the remainder when 2304013 is divided by 2583.
2560
What is the remainder when 38437338 is divided by 2206?
2200
Calculate the remainder when 107801514 is divided by 122.
118
Calculate the remainder when 130579 is divided by 3728.
99
Calculate the remainder when 63933718 is divided by 15983428.
6
Calculate the remainder when 594711 is divided by 148674.
15
What is the remainder when 2282215 is divided by 62?
57
What is the remainder when 276567 is divided by 13164?
123
Calculate the remainder when 5407070 is divided by 20796.
110
What is the remainder when 11098761 is divided by 1251?
1140
Calculate the remainder when 2884582 is divided by 961512.
46
What is the remainder when 470973 is divided by 1088?
957
Calculate the remainder when 1891799 is divided by 63046.
419
Calculate the remainder when 207280133 is divided by 7784.
7781
Calculate the remainder when 24254773 is divided by 167.
27
Calculate the remainder when 101247418 is divided by 1420.
1418
What is the remainder when 4701924 is divided by 952?
948
What is the remainder when 766547851 is divided by 10756?
10755
What is the remainder when 664625 is divided by 132923?
10
What is the remainder when 18485 is divided by 426?
167
Calculate the remainder when 446185 is divided by 1901.
1351
Calculate the remainder when 256524 is divided by 42718.
216
Calculate the remainder when 630567983 is divided by 916.
911
What is the remainder when 4806409 is divided by 771?
766
What is the remainder when 58973104 is divided by 1828?
1824
Calculate the remainder when 1296998638 is divided by 379.
377
What is the remainder when 4727860 is divided by 209?
71
What is the remainder when 16218942 is divided by 224?
222
Calculate the remainder when 2309646 is divided by 968.
966
What is the remainder when 2664897 is divided by 214?
169
Calculate the remainder when 161616 is divided by 53832.
120
What is the remainder when 71306638 is divided by 946?
942
Calculate the remainder when 3116966 is divided by 164049.
35
Calculate the remainder when 1828258046 is divided by 357.
356
What is the remainder when 12493306 is divided by 26?
20
Calculate the remainder when 540567 is divided by 2170.
237
Calculate the remainder when 2911269437 is divided by 1386.
1385
What is the remainder when 1576259 is divided by 140?
139
What is the remainder when 3034623 is divided by 128?
127
What is the remainder when 109613833 is divided by 27403458?
1
Calculate the remainder when 72088 is divided by 6129.
4669
Calculate the remainder when 26968 is divided by 2770.
2038
What is the remainder when 5089743 is divided by 2049?
27
Calculate the remainder when 7256130 is divided by 1486.
1478
What is the remainder when 816223 is divided by 204051?
19
Calculate the remainder when 1875077 is divided by 36056.
165
Calculate the remainder when 67044324 is divided by 1523734.
28
Calculate the remainder when 576764353 is divided by 2726.
2725
What is the remainder when 13471978 is divided by 9291?
28
What is the remainder when 279744 is divided by 61?
59
What is the remainder when 173388599 is divided by 25?
24
What is the remainder when 157096 is divided by 10390?
1246
Calculate the remainder when 63525 is divided by 31750.
25
What is the remainder when 697035 is divided by 367?
102
Calculate the remainder when 116686384 is divided by 7.
3
Calculate the remainder when 3259320 is divided by 407409.
48
What is the remainder when 37394 is divided by 326?
230
What is the remainder when 6554909 is divided by 301?
32
What is the remainder when 145285 is divided by 20329?
2982
What is the remainder when 3541912 is divided by 7084?
6996
Calculate the remainder when 88552 is divided by 867.
118
What is the remainder when 593594 is divided by 22830?
14
What is the remainder when 484571 is divided by 96911?
16
What is the remainder when 337044 is divided by 530?
494
What is the remainder when 14374187 is divided by 28?
23
Calculate the remainder when 114412 is divided by 114106.
306
Calculate the remainder when 402042 is divided by 11161.
246
Calculate the remainder when 268227 is divided by 170.
13